9) in base 3?
-11122
What is 12 (base 6) in base 11?
8
-403 (base 5) to base 11
-94
What is -1 (base 2) in base 10?
-1
Convert -8 (base 14) to base 5.
-13
244 (base 7) to base 13
a0
101101 (base 2) to base 15
30
0 (base 2) to base 15
0
Convert -20 (base 12) to base 9.
-26
What is 201 (base 3) in base 10?
19
What is -4 (base 8) in base 14?
-4
231 (base 4) to base 14
33
Convert 30 (base 11) to base 10.
33
What is -104 (base 8) in base 10?
-68
100 (base 2) to base 9
4
Convert 1 (base 12) to base 10.
1
What is -30 (base 8) in base 6?
-40
What is -4 (base 15) in base 4?
-10
Convert -112 (base 4) to base 6.
-34
2 (base 10) to base 2
10
0 (base 9) to base 13
0
1 (base 9) to base 11
1
Convert 12 (base 4) to base 10.
6
-140 (base 5) to base 4
-231
-20 (base 3) to base 9
-6
Convert -11 (base 3) to base 11.
-4
5 (base 7) to base 2
101
-6 (base 9) to base 16
-6
-136 (base 16) to base 15
-15a
Convert -1 (base 5) to base 11.
-1
-2 (base 12) to base 9
-2
1 (base 7) to base 3
1
Convert 12 (base 4) to base 12.
6
What is -1 (base 7) in base 10?
-1
3 (base 10) to base 15
3
What is -11110 (base 3) in base 12?
-a0
Convert 11110 (base 2) to base 3.
1010
What is -6 (base 16) in base 5?
-11
-201 (base 4) to base 15
-23
13 (base 16) to base 11
18
What is 31 (base 5) in base 3?
121
13 (base 7) to base 14
a
Convert 161 (base 7) to base 10.
92
What is -4 (base 12) in base 2?
-100
What is 1 (base 10) in base 2?
1
What is 1 (base 4) in base 3?
1
3 (base 10) to base 16
3
Convert -1 (base 8) to base 14.
-1
10 (base 2) to base 4
2
Convert -19 (base 10) to base 2.
-10011
Convert 3 (base 15) to base 8.
3
What is -151 (base 9) in base 6?
-331
Convert 10 (base 8) to base 16.
8
Convert -288 (base 11) to base 12.
-242
What is -2 (base 8) in base 13?
-2
1b (base 16) to base 13
21
What is 13 (base 15) in base 11?
17
6 (base 8) to base 9
6
46 (base 12) to base 13
42
Convert -4 (base 9) to base 11.
-4
Convert -21 (base 10) to base 7.
-30
Convert 1c (base 16) to base 15.
1d
Convert -3 (base 8) to base 10.
-3
What is 14 (base 8) in base 10?
12
Convert -357 (base 9) to base 10.
-295
What is 131 (base 12) in base 5?
1211
-40 (base 6) to base 8
-30
Convert -1312 (base 4) to base 13.
-91
What is -20 (base 7) in base 6?
-22
a (base 14) to base 7
13
100 (base 3) to base 6
13
Convert 53 (base 10) to base 3.
1222
What is -22 (base 11) in base 4?
-120
15 (base 10) to base 9
16
Convert -61 (base 15) to base 7.
-160
10 (base 3) to base 16
3
Convert -2120 (base 3) to base 12.
-59
What is 30 (base 9) in base 7?
36
412 (base 5) to base 11
98
-23 (base 13) to base 6
-45
1120 (base 3) to base 14
30
63 (base 12) to base 8
113
-13 (base 5) to base 11
-8
What is 1210 (base 3) in base 14?
36
What is -6 (base 11) in base 9?
-6
Convert -1 (base 9) to base 11.
-1
-10010 (base 2) to base 15
-13
0 (base 6) to base 10
0
What is 62 (base 15) in base 9?
112
Convert 149 (base 15) to base 2.
100100110
56 (base 7) to base 10
41
Convert 3 (base 12) to base 7.
3
What is 34 (base 6) in base 8?
26
-12b (base 12) to base 7
-344
What is 1d1 (base 14) in base 8?
573
Convert 154 (base 6) to base 11.
64
What is 60 (base 10) in base 14?
44
What is 34 (base 13) in base 11?
3a
-4 (base 15) to base 5
-4
-c (base 16) to base 7
-15
-1 (base 8) to base 14
-1
What is -32 (base 9) in base 5?
-104
Convert 3 (base 15) to base 6.
3
Convert -1 (base 9) to base 13.
-1
-3 (base 15) to base 5
-3
Convert 0 (base 5) to base 8.
0
What is -231 (base 5) in base 6?
-150
What is -31 (base 13) in base 16?
-28
What is -138 (base 9) in base 7?
-224
What is -2 (base 12) in base 3?
-2
What is -3 (base 11) in base 6?
-3
Convert -172 (base 8) to base 4.
-1322
Convert 1131 (base 4) to base 15.
63
Convert -57 (base 13) to base 3.
-2200
What is -1 (base 16) in base 3?
-1
36 (base 10) to base 16
24
40 (base 7) to base 13
22
10 (base 3) to base 7
3
Convert 4 (base 13) to base 11.
4
Convert -2 (base 4) to base 14.
-2
-11 (base 2) to base 9
-3
10 (base 3) to base 5
3
233 (base 4) to base 11
43
What is 3 (base 7) in base 13?
3
25 (base 16) to base 4
211
What is -110 (base 2) in base 9?
-6
What is 1111 (base 3) in base 6?
104
Convert -30 (base 15) to base 3.
-1200
Convert 10 (base 9) to base 10.
9
Convert -70 (base 12) to base 11.
-77
Convert -10101 (base 3) to base 2.
-1011011
335 (base 6) to base 10
131
Convert 200 (base 4) to base 11.
2a
What is 3 (base 10) in base 4?
3
Convert 433 (base 5) to base 10.
118
What is 17 (base 10) in base 8?
21
1 (base 15) to base 12
1
-c (base 16) to base 11
-11
What is -23 (base 9) in base 12?
-19
Convert 9 (base 14) to base 6.
13
Convert -10001 (base 2) to base 12.
-15
-8 (base 9) to base 12
-8
230 (base 7) to base 2
1110111
Convert -62 (base 16) to base 4.
-1202
-2 (base 13) to base 3
-2
110000 (base 3) to base 16
144
6 (base 14) to base 15
6
What is 6 (base 8) in base 4?
12
Convert -38 (base 11) to base 9.
-45
Convert 145 (base 15) to base 9.
352
-12 (base 3) to base 15
-5
What is 1 (base 6) in base 5?
1
What is -146 (base 8) in base 10?
-102
What is 0 (base 14) in base 8?
0
What is 221 (base 4) in base 16?
29
11010 (base 2) to base 3
222
Convert 3c (base 13) to base 8.
63
Convert -7 (base 15) to base 2.
-111
-39 (base 11) to base 8
-52
Convert 11010 (base 2) to base 8.
32
Convert 12a (base 12) to base 5.
1203
What is 1443 (base 5) in base 9?
305
-41 (base 12) to base 7
-100
Convert -21 (base 5) to base 13.
-b
What is 20 (base 5) in base 6?
14
Convert 1010011 (base 2) to base 3.
10002
What is -103 (base 16) in base 14?
-147
Convert 10 (base 7) to base 2.
111
-1200 (base 3) to base 11
-41
What is 0 (base 10) in base 6?
0
Convert -10 (base 8) to base 4.
-20
What is -546 (base 7) in base 3?
-101100
What is 10011011 (base 2) in base 7?
311
Convert -2 (base 14) to base 15.
-2
Convert 72 (base 16) to base 15.
79
3 (base 11) to base 7
3
What is -101 (base 5) in base 15?
-1b
What is 1021 (base 3) in base 8?
42
-91 (base 11) to base 4
-1210
What is 4 (base 7) in base 16?
4
What is 1 (base 9) in base 7?
1
Convert -47 (base 8) to base 2.
-100111
What is -7d (base 16) in base 5?
-1000
0 (base 6) to base 3
0
What is 2c (base 16) in base 7?
62
Convert -1020 (base 4) to base 15.
-4c
Convert -2 (base 5) to base 12.
-2
What is -85 (base 10) in base 13?
-67
What is 1203 (base 5) in base 11?
152
15 (base 6) to base 4
23
What is 7 (base 14) in base 6?
11
-7 (base 14) to base 8
-7
What is -88 (base 15) in base 2?
-10000000
Convert 71 (base 10) to base 5.
241
25 (base 15) to base 6
55
121 (base 4) to base 11
23
What is 9 (base 14) in base 5?
14
Convert -3 (base 4) to base 11.
-3
Convert a4 (base 12) to base 6.
324
What is -c (base 15) in base 4?
-30
3 (base 12) to base 3
10
What is 2 (base 4) in base 9?
2
Convert 10 (base 6) to base 7.
6
17 (base 15) to base 5
42
-1 (base 3) to base 15
-1
What is -89 (base 14) in base 3?
-11111
What is -102 (base 14) in base 8?
-306
What is 116 (base 7) in base 14?
46
What is 77 (base 9) in base 4?
1012
Convert 10 (base 11) to base 15.
b
-10 (base 2) to base 3
-2
-10 (base 9) to base 10
-9
10 (base 12) to base 10
12
Convert 2 (base 6) to base 2.
10
134 (base 9) to base 3
11011
What is -3 (base 4) in base 5?
-3
Convert -13 (base 4) to base 11.
-7
Convert -6 (base 10) to base 5.
-11
Convert 111 (base 4) to base 12.
19
-11 (base 5) to base 2
-110
10131 (base 4) to base 2
100011101
2 (base 3) to base 12
2
What is -3a (base 14) in base 13?
-40
Convert c (base 15) to base 14.
c
56 (base 14) to base 16
4c
What is 101100 (base 2) in base 4?
230
What is -1211 (base 5) in base 7?
-346
232 (base 4) to base 6
114
Convert 6 (base 16) to base 13.
6
Convert 21 (base 15) to base 9.
34
-2 (base 8) to base 2
-10
-322 (base 8) to base 12
-156
-41 (base 5) to base 9
-23
What is 200 (base 6) in base 9?
80
11 (base 11) to base 15
c
What is -17 (base 14) in base 9?
-23
What is -331 (base 6) in base 2?
-1111111
11 (base 5) to base 9
6
-6 (base 7) to base 6
-10
Convert 9 (base 10) to base 3.
100
Convert 2311 (base 4) to base 11.
155
1110010 (base 2) to base 12
96
What is -15 (base 10) in base 14?
-11
What is -1022 (base 3) in base 13?
-29
-8 (base 15) to base 12
-8
What is -27 (base 13) in base 14?
-25
What is -3 (base 7) in base 15?
-3
10001111 (base 2) to base 7
263
1 (base 5) to base 3
1
What is -40 (base 7) in base 2?
-11100
Conver